9537 a prime number?
True
Is 6854957 a composite number?
True
Is 11338403 a prime number?
True
Is 12417929 composite?
False
Is 58949873 prime?
True
Is 25099579 composite?
True
Is 4122871 prime?
False
Is 220689097 prime?
True
Is 627988967 a prime number?
True
Is 91027291 a prime number?
True
Is 4603993 composite?
True
Is 8670857 a prime number?
False
Is 77046349 composite?
True
Is 42781549 a prime number?
False
Is 39267413 a prime number?
True
Is 309422095 composite?
True
Is 455239 a composite number?
True
Is 7665289 composite?
True
Is 4209565 a prime number?
False
Is 2561921 composite?
False
Is 14235299 prime?
False
Is 3730367 composite?
False
Is 1907207 a composite number?
True
Is 89956487 prime?
True
Is 12797459 prime?
True
Is 40640033 composite?
True
Is 2554063 prime?
False
Is 6252361 prime?
False
Is 40443467 a prime number?
True
Is 6210293 prime?
False
Is 208539703 prime?
True
Is 105022597 a composite number?
False
Is 37973629 a composite number?
True
Is 3520303 composite?
False
Is 29486297 a composite number?
False
Is 58137149 a composite number?
True
Is 5329693 a composite number?
False
Is 108311911 a composite number?
False
Is 617161 a prime number?
True
Is 65822933 prime?
False
Is 31168433 composite?
False
Is 35294273 a composite number?
True
Is 411979 a prime number?
False
Is 8878601 a composite number?
False
Is 228408809 prime?
False
Is 93423601 prime?
True
Is 393664369 composite?
True
Is 1303031 a composite number?
False
Is 485714165 a prime number?
False
Is 37998619 a prime number?
True
Is 145089653 a composite number?
False
Is 69731587 a composite number?
False
Is 136691 a prime number?
True
Is 559799 a composite number?
False
Is 99961 a prime number?
True
Is 785677 a composite number?
True
Is 221510921 a prime number?
True
Is 24324679 a composite number?
True
Is 21417299 a prime number?
True
Is 10962281 prime?
False
Is 69124147 composite?
True
Is 3668563 composite?
False
Is 99521033 a prime number?
False
Is 301697 a prime number?
False
Is 1199183 a composite number?
False
Is 823877 a prime number?
True
Is 1688837 composite?
False
Is 1723769 a prime number?
True
Is 126077803 a composite number?
False
Is 287783 prime?
True
Is 47369183 a prime number?
True
Is 37938301 a composite number?
True
Is 2976815 prime?
False
Is 7190279 composite?
False
Is 115951963 composite?
False
Is 58137949 composite?
False
Is 4592647 prime?
True
Is 754207 prime?
True
Is 29389111 composite?
False
Is 4168273 prime?
True
Is 4648163 a prime number?
False
Is 259801 prime?
True
Is 27101209 a prime number?
False
Is 6427411 a prime number?
False
Is 10903601 composite?
False
Is 264486727 composite?
False
Is 2882239 a prime number?
True
Is 448865189 prime?
True
Is 210719 a composite number?
False
Is 10519471 composite?
True
Is 14268641 prime?
True
Is 39912253 a composite number?
True
Is 1060949557 a prime number?
True
Is 13709387 prime?
True
Is 9427891 prime?
False
Is 188487121 a prime number?
True
Is 72142561 composite?
False
Is 5424553 composite?
False
Is 72329207 a prime number?
False
Is 311743 composite?
False
Is 105670661 composite?
True
Is 11224847 prime?
True
Is 4830263 prime?
True
Is 1963139 composite?
False
Is 48024111 a prime number?
False
Is 972973 prime?
False
Is 30538163 composite?
True
Is 1196666 a composite number?
True
Is 99201781 composite?
True
Is 3135521 a composite number?
True
Is 8038837 a prime number?
True
Is 237433153 prime?
True
Is 7521769 prime?
False
Is 566801 composite?
True
Is 2917877 prime?
True
Is 50672459 a composite number?
True
Is 859549 prime?
False
Is 67587431 a prime number?
False
Is 770485 a prime number?
False
Is 205058351 composite?
True
Is 85353101 a prime number?
False
Is 136470743 prime?
True
Is 540367757 prime?
True
Is 308647243 a prime number?
True
Is 1560900077 composite?
True
Is 107099597 a composite number?
True
Is 4511173 a prime number?
False
Is 30798881 a composite number?
True
Is 15938813 composite?
True
Is 170136479 prime?
True
Is 1869991 composite?
False
Is 116950991 a prime number?
True
Is 237109 composite?
True
Is 9419251 prime?
False
Is 1464371 a prime number?
True
Is 868069 prime?
True
Is 36597431 prime?
False
Is 261312059 a prime number?
True
Is 24934051 a prime number?
True
Is 6198755 a prime number?
False
Is 4339193 a composite number?
True
Is 19417987 prime?
False
Is 354257639 a composite number?
False
Is 18008131 a prime number?
True
Is 51045614 a composite number?
True
Is 164757101 a composite number?
False
Is 31760081 a prime number?
True
Is 139651922 a prime number?
False
Is 216117149 a composite number?
False
Is 37363889 prime?
True
Is 85137373 prime?
True
Is 222790511 composite?
False
Is 97038287 a prime number?
False
Is 619073861 composite?
True
Is 13529647 a prime number?
False
Is 37910183 a composite number?
False
Is 24208913 a composite number?
False
Is 1693169 composite?
False
Is 480131863 a prime number?
True
Is 2299823 a prime number?
True
Is 293585659 a prime number?
True
Is 5531389 a prime number?
False
Is 700541573 composite?
False
Is 2223907 a composite number?
True
Is 1956257 composite?
False
Is 5399033 composite?
True
Is 1407670739 a composite number?
False
Is 898361 composite?
False
Is 18398371 a composite number?
True
Is 4590643 a composite number?
False
Is 14364265 prime?
False
Is 12534469 composite?
True
Is 316990183 composite?
False
Is 19977214 a composite number?
True
Is 1142179 composite?
True
Is 8787833 a prime number?
False
Is 103388321 prime?
True
Is 15790683 composite?
True
Is 82440383 a composite number?
True
Is 15772514 prime?
False
Is 762747 composite?
True
Is 11371949 composite?
True
Is 125452427 a prime number?
True
Is 1115371 a composite number?
True
Is 252998 a composite number?
True
Is 820581691 prime?
False
Is 74853209 composite?
False
Is 3869393 a composite number?
True
Is 3401857 a composite number?
True
Is 45772183 composite?
False
Is 69472321 a composite number?
True
Is 13423423 a prime number?
False
Is 13765093 composite?
False
Is 38390269 a composite number?
False
Is 8740447 composite?
False
Is 69470207 a composite number?
True
Is 1245997 prime?
False
Is 3386759 composite?
False
Is 10356923 composite?
True
Is 25699469 composite?
False
Is 113544253 composite?
False
Is 79901639 a composite number?
True
Is 11014441 composite?
False
Is 18297943 a prime number?
False
Is 142725179 composite?
True
Is 209289823 composite?
False
Is 75241885 composite?
True
Is 1493903 a prime number?
True
Is 4206691 a prime number?
True
Is 16616207 a composite number?
False
Is 186601 prime?
True
Is 186734573 a composite number?
False
Is 26561683 a prime number?
True
Is 132924907 a composite number?
False
Is 84296453 a prime number?
False
Is 8324903 prime?
False
Is 437137 a prime number?
True
Is 674953 composite?
False
Is 60098591 prime?
False
Is 329509649 prime?
False
Is 37937929 prime?
True
Is 10909879 a composite number?
False
Is 71293891 a prime number?
True
Is 1286147 prime?
True
Is 1267459 prime?
True
Is 4896301 a composite number?
True
Is 90492997 prime?
False
Is 221489 prime?
True
Is 244290073 composite?
False
Is 1158709 a prime number?
False
Is 205001 a prime number?
False
Is 9190463 composite?
False
Is 171521027 a prime number?
True
Is 79351741 prime?
False
Is 101650687 prime?
False
Is 35991811 composite?
False
Is 7284509 prime?
False
Is 24881683 a prime number?
False
Is 14490823 a composite number?
False
Is 2666579 a composite number?
True
Is 1730429 a prime number?
True
Is 405947 composite?
False
Is 5693539 composite?
False
Is 709603661 prime?
False
Is 480509 a composite number?
False
Is 3712907 prime?
False
Is 23793737 a prime number?
False
Is 236577647 a composite number?
True
Is 551124283 a composite number?
True
Is 351793031 composite?
True
Is 1904359 prime?
False
Is 1288163 a prime number?
True
Is 1019539 prime?
False
Is 910648757 prime?
True
Is 1865923 a prime number?
False
Is 612132439 a prime number?
True
Is 2485207 a prime number?
True
Is 6797981 composite?
False
Is 1795903 a composite number?
True
Is 61424963 prime?
False
Is 15138091 a prime number?
True
Is 4652677 a composite number?
False
Is 115219177 prime?
False
Is 6373573 a composite number?
True
Is 3975583 composite?
True
Is 11420611 prime?
True
Is 2793421 prime?
False
Is 7161187 a prime number?
False
Is